{"id":49624,"date":"2021-06-10T06:38:16","date_gmt":"2021-06-10T04:38:16","guid":{"rendered":"https:\/\/www.badetonneholz.de\/?page_id=49624"},"modified":"2026-08-08T13:05:20","modified_gmt":"2026-08-08T11:05:20","slug":"ausstellung-deutschland-timberin-badefass","status":"publish","type":"page","link":"https:\/\/www.badetonneholz.de\/at\/ausstellung-deutschland-timberin-badefass\/","title":{"rendered":"TimberIN Ausstellungen und Besichtigungsm\u00f6glichkeiten"},"content":{"rendered":"<div class=\"wp-block-group ti-showroom-page ti-showroom-de\">\n<div class=\"wp-block-group__inner-container is-layout-constrained wp-block-group-is-layout-constrained\">\n<style>\nbody.page-id-49624 #primary>.inner{display:block!important}\nbody.page-id-49624 #content{float:none!important;width:100%!important;max-width:none!important}\nbody.page-id-49624 #sidebar{display:none!important}\nbody.page-id-49624 #post-49624{width:100%!important;max-width:none!important;margin-left:0!important;margin-right:0!important}\nbody.page-id-49624 #post-49624>.ti-badefass-guide{width:100%!important;max-width:none!important;padding-left:0!important;padding-right:0!important}\nbody.page-id-49624 .ti-showroom-page,body.page-id-49624 .ti-showroom-page *{box-sizing:border-box}\nbody.page-id-49624 .ti-showroom-page,body.page-id-49624 .ti-showroom-page>.wp-block-group__inner-container{width:100%!important;max-width:none!important}\n.ti-showroom-de{--ti-brown:#7b4426;--ti-orange:#bf5422;--ti-ink:#251d19;--ti-muted:#665b54;--ti-line:#e6cdb5;--ti-sand:#f8f0e5;--ti-soft:#fffaf4;color:var(--ti-ink);font-size:16px;line-height:1.7}\n.ti-showroom-de h1,.ti-showroom-de h2,.ti-showroom-de h3{color:var(--ti-ink);line-height:1.18}\n.ti-showroom-de .ti-showroom-hero{background:linear-gradient(135deg,#fbf5ed 0%,#f5eadc 100%);border:1px solid var(--ti-line);border-radius:18px;padding:clamp(28px,5vw,54px);margin:24px 0 26px;box-shadow:0 18px 40px rgba(72,43,22,.09)}\n.ti-showroom-de .ti-eyebrow{display:inline-flex;margin:0 0 14px;padding:6px 12px;border:1px solid var(--ti-line);border-radius:999px;background:#fff;color:var(--ti-brown);font-size:13px;font-weight:700;letter-spacing:.04em;text-transform:uppercase}\n.ti-showroom-de .ti-showroom-hero h1{max-width:900px;margin:0 0 18px;font-size:clamp(34px,4.4vw,52px);letter-spacing:-.035em}\n.ti-showroom-de .ti-showroom-hero .ti-lead{max-width:920px;margin:0;color:#4e433d;font-size:clamp(17px,1.7vw,20px);line-height:1.65}\n.ti-showroom-de .ti-reference-card{display:grid;grid-template-columns:minmax(0,1fr) auto;align-items:center;gap:24px;margin:0 0 34px;padding:24px 28px;border:1px solid var(--ti-line);border-left:5px solid var(--ti-orange);border-radius:13px;background:#fff;box-shadow:0 12px 28px rgba(72,43,22,.06)}\n.ti-showroom-de .ti-reference-card h2{margin:0 0 7px;font-size:25px}\n.ti-showroom-de .ti-reference-card p{margin:0;color:var(--ti-muted)}\n.ti-showroom-de .ti-reference-contact{padding:15px 18px;border-radius:10px;background:var(--ti-soft);text-align:right;white-space:nowrap}\n.ti-showroom-de .ti-reference-contact strong{display:block;color:var(--ti-ink)}\n.ti-showroom-de .ti-reference-contact a{color:var(--ti-brown);font-weight:800;text-decoration:none}\n.ti-showroom-de .ti-location-card{display:grid;grid-template-columns:minmax(300px,.95fr) minmax(0,1.15fr);min-height:390px;margin:34px 0;border:1px solid var(--ti-line);border-radius:17px;background:#fff;overflow:hidden;box-shadow:0 16px 34px rgba(72,43,22,.07)}\n.ti-showroom-de .ti-location-card--reverse{grid-template-columns:minmax(0,1.15fr) minmax(300px,.95fr)}\n.ti-showroom-de .ti-location-card--reverse .ti-location-media{order:2}\n.ti-showroom-de .ti-location-card--reverse .ti-location-copy{order:1}\n.ti-showroom-de .ti-location-media{min-width:0;background:var(--ti-sand)}\n.ti-showroom-de .ti-location-media a{display:block;width:100%;height:100%}\n.ti-showroom-de .ti-location-media img,.ti-showroom-de .ti-location-media video{display:block;width:100%;height:100%;min-height:390px;object-fit:cover}\n.ti-showroom-de .ti-location-media--contain img{object-fit:contain;padding:20px;background:linear-gradient(135deg,#f6eadc,#fffaf4)}\n.ti-showroom-de .ti-location-copy{display:flex;flex-direction:column;justify-content:center;padding:clamp(26px,4vw,44px)}\n.ti-showroom-de .ti-location-copy h2{margin:0 0 15px;font-size:clamp(28px,3.2vw,37px)}\n.ti-showroom-de .ti-location-copy h3{margin:0 0 14px;font-size:22px;color:var(--ti-brown)}\n.ti-showroom-de .ti-location-copy p{margin:0 0 15px;color:#4e443e}\n.ti-showroom-de .ti-location-meta{display:grid;gap:7px;margin:8px 0 22px;padding:17px 19px;border:1px solid var(--ti-line);border-radius:10px;background:var(--ti-soft)}\n.ti-showroom-de .ti-location-meta p{margin:0}\n.ti-showroom-de .ti-actions{display:flex;flex-wrap:wrap;gap:12px;margin-top:8px}\n.ti-showroom-de .ti-button{display:inline-flex;align-items:center;justify-content:center;min-height:46px;padding:11px 18px;border:1px solid var(--ti-brown);border-radius:8px;background:var(--ti-brown);color:#fff!important;font-weight:700;text-decoration:none!important;box-shadow:0 8px 18px rgba(87,47,25,.16);transition:transform .15s ease,background .15s ease}\n.ti-showroom-de .ti-button:hover{background:#62361f;transform:translateY(-1px)}\n.ti-showroom-de .ti-button--secondary{background:#fff;color:var(--ti-brown)!important;box-shadow:none}\n@media(max-width:820px){.ti-showroom-de .ti-reference-card{grid-template-columns:1fr}.ti-showroom-de .ti-reference-contact{text-align:left;white-space:normal}.ti-showroom-de .ti-location-card,.ti-showroom-de .ti-location-card--reverse{grid-template-columns:1fr}.ti-showroom-de .ti-location-card--reverse .ti-location-media,.ti-showroom-de .ti-location-card--reverse .ti-location-copy{order:initial}.ti-showroom-de .ti-location-media img,.ti-showroom-de .ti-location-media video{height:auto;min-height:0;max-height:460px}}\n@media(max-width:520px){.ti-showroom-de .ti-showroom-hero{padding:26px 20px;border-radius:14px}.ti-showroom-de .ti-reference-card,.ti-showroom-de .ti-location-copy{padding:23px 20px}.ti-showroom-de .ti-actions .ti-button{width:100%}.ti-showroom-de .ti-location-media--contain img{padding:12px}}\n<\/style>\n<section class=\"ti-showroom-hero\">\n<p class=\"ti-eyebrow\">Besichtigung &amp; Miete<\/p>\n<h1>TimberIN Ausstellungen und Mietm\u00f6glichkeiten<\/h1>\n<p class=\"ti-lead\">TimberIN Produkte k\u00f6nnen an den unten aufgef\u00fchrten Orten besichtigt beziehungsweise genutzt werden. Dazu geh\u00f6ren Badezuber, ein Sauna-Bad-2in1, eine tempor\u00e4re Sauna am Seeufer in Hauterive sowie ein Standort mit Ferienwohnungen und Garten in Deutschland.<\/p>\n<\/section>\n<section class=\"ti-reference-card\" aria-label=\"Pers\u00f6nliche Empfehlung in Deutschland\">\n<div>\n<h2>Pers\u00f6nliche Empfehlung in Deutschland<\/h2>\n<p>F\u00fcr eine pers\u00f6nliche Empfehlung und einen direkten Erfahrungsbericht steht Ihnen der folgende Kontakt in B\u00fcdingen zur Verf\u00fcgung.<\/p>\n<\/div>\n<div class=\"ti-reference-contact\"><strong>Herr Griesser \u00b7 B\u00fcdingen, Deutschland<\/strong><a href=\"tel:+491707522157\">+49 170 7522157<\/a><\/div>\n<\/section>\n<article class=\"ti-location-card\">\n<div class=\"ti-location-media ti-location-media--contain\"><a href=\"https:\/\/www.badetonneholz.de\/wp-content\/uploads\/2024\/09\/sauna-tub-2in1-mieten-timberin-2.jpg\" data-rel=\"lightbox-image-0\" data-magnific_type=\"image\" data-rl_title=\"\" data-rl_caption=\"\" title=\"\"><img decoding=\"async\" src=\"https:\/\/www.badetonneholz.de\/wp-content\/uploads\/2024\/09\/sauna-tub-2in1-mieten-timberin-2.jpg\" alt=\"TimberIN Sauna und Badezuber 2in1 zur Besichtigung und Miete\" width=\"686\" height=\"486\" title=\"\"><\/a><\/div>\n<div class=\"ti-location-copy\">\n<h2>TimberIN Badezuber und Sauna-Bad-2in1 besichtigen<\/h2>\n<p>Der Badespa\u00df aus Litauen von TimberIN kann vor Ort besichtigt werden. Die Begeisterung f\u00fcr TimberIN war der Anlass, Interessierten die M\u00f6glichkeit zu geben, zwei Badezuber pers\u00f6nlich anzuschauen.<\/p>\n<p>Au\u00dferdem k\u00f6nnen die Sauna und das Bad als 2in1-L\u00f6sung gemietet werden. Weitere Informationen finden Sie auf Instagram.<\/p>\n<div class=\"ti-location-meta\">\n<p><strong>Instagram:<\/strong> <a href=\"https:\/\/www.instagram.com\/viktors_heisse_huette\" target=\"_blank\" rel=\"noreferrer noopener\">@viktors_heisse_huette<\/a><\/p>\n<\/div>\n<div class=\"ti-actions\"><a class=\"ti-button\" href=\"https:\/\/www.instagram.com\/viktors_heisse_huette\" target=\"_blank\" rel=\"noreferrer noopener\">Informationen auf Instagram<\/a><\/div>\n<\/p><\/div>\n<\/article>\n<article class=\"ti-location-card ti-location-card--reverse\">\n<div class=\"ti-location-media\"><a href=\"https:\/\/www.badetonneholz.de\/wp-content\/uploads\/2025\/08\/Aussensauna-Iglu-Pod.jpg\" data-rel=\"lightbox-image-1\" data-magnific_type=\"image\" data-rl_title=\"\" data-rl_caption=\"\" title=\"\"><img decoding=\"async\" src=\"https:\/\/www.badetonneholz.de\/wp-content\/uploads\/2025\/08\/Aussensauna-Iglu-Pod.jpg\" alt=\"Tempor\u00e4re Iglu-Pod-Au\u00dfensauna am Seeufer von Hauterive in der Schweiz\" width=\"860\" height=\"589\" loading=\"lazy\" title=\"\"><\/a><\/div>\n<div class=\"ti-location-copy\">\n<h2>Ausstellung in der Schweiz<\/h2>\n<h3>Tempor\u00e4re Sauna am Seeufer von Hauterive<\/h3>\n<p>Entfliehen Sie der winterlichen K\u00e4lte in der tempor\u00e4ren Sauna am Seeufer von Hauterive.<\/p>\n<p>Die Wohnwagen-Sauna kann f\u00fcr zwei ungest\u00f6rte Stunden reserviert werden. Durch das gro\u00dfe Fenster genie\u00dfen Sie w\u00e4hrend der Entspannung den Ausblick auf den See. Wer Hitze und K\u00e4lte kombinieren m\u00f6chte, kann zwischendurch ins Wasser springen.<\/p>\n<div class=\"ti-location-meta\">\n<p><strong>Weitere Informationen:<\/strong> <a href=\"https:\/\/www.j3l.ch\/de\/P127156\/erlebnisse\/sport-freizeit\/wellness\/phenix-sauna\" target=\"_blank\" rel=\"noreferrer noopener\">Ph\u00e9nix Sauna<\/a><\/p>\n<\/div>\n<div class=\"ti-actions\"><a class=\"ti-button\" href=\"https:\/\/www.j3l.ch\/de\/P127156\/erlebnisse\/sport-freizeit\/wellness\/phenix-sauna\" target=\"_blank\" rel=\"noreferrer noopener\">Weitere Informationen<\/a><\/div>\n<\/p><\/div>\n<\/article>\n<article class=\"ti-location-card\">\n<div class=\"ti-location-media\"><video controls playsinline preload=\"metadata\" aria-label=\"Hofsand Ferienwohnungen und Garten in Deutschland\"><source src=\"https:\/\/www.badetonneholz.de\/wp-content\/uploads\/2021\/06\/Badezuber-TimberIN.mp4\" type=\"video\/mp4\">Ihr Browser unterst\u00fctzt dieses Video nicht.<\/video><\/div>\n<div class=\"ti-location-copy\">\n<h2>Ausstellung in Deutschland<\/h2>\n<p>Das Haupthaus von Hofsand beherbergt drei Ferienwohnungen mit Gr\u00f6\u00dfen zwischen 120 und 260 Quadratmetern. Jede Wohnung erstreckt sich \u00fcber zwei Etagen und verf\u00fcgt \u00fcber einen gro\u00dfz\u00fcgigen Wohn- und Essbereich sowie eine S\u00fcdterrasse.<\/p>\n<p>Im weitl\u00e4ufigen Garten befinden sich ein vielseitiger Baumbestand, ein Teich mit Enten, ein gro\u00dfes Trampolin und Fu\u00dfballtore f\u00fcr die kleinen G\u00e4ste.<\/p>\n<div class=\"ti-location-meta\">\n<p><strong>Website:<\/strong> <a href=\"https:\/\/www.hofsand.de\/\" target=\"_blank\" rel=\"noreferrer noopener\">hofsand.de<\/a><\/p>\n<p><strong>Instagram:<\/strong> <a href=\"https:\/\/www.instagram.com\/fewo.hofsand\/\" target=\"_blank\" rel=\"noreferrer noopener\">@fewo.hofsand<\/a><\/p>\n<\/div>\n<div class=\"ti-actions\"><a class=\"ti-button\" href=\"https:\/\/www.hofsand.de\/\" target=\"_blank\" rel=\"noreferrer noopener\">Hofsand Website<\/a><a class=\"ti-button ti-button--secondary\" href=\"https:\/\/www.instagram.com\/fewo.hofsand\/\" target=\"_blank\" rel=\"noreferrer noopener\">Hofsand auf Instagram<\/a><\/div>\n<\/p><\/div>\n<\/article>\n<\/div>\n<\/div>","protected":false},"excerpt":{"rendered":"<p>Besichtigung &amp; Miete TimberIN Ausstellungen und Mietm\u00f6glichkeiten TimberIN Produkte k\u00f6nnen an den unten aufgef\u00fchrten Orten besichtigt beziehungsweise genutzt werden. Dazu geh\u00f6ren Badezuber, ein Sauna-Bad-2in1, eine tempor\u00e4re Sauna am Seeufer in Hauterive sowie ein Standort mit Ferienwohnungen und Garten in Deutschland. Pers\u00f6nliche Empfehlung in Deutschland F\u00fcr eine pers\u00f6nliche Empfehlung und einen direkten Erfahrungsbericht steht Ihnen der [&hellip;]<\/p>\n","protected":false},"author":1,"featured_media":0,"parent":0,"menu_order":0,"comment_status":"closed","ping_status":"closed","template":"","meta":{"_uag_custom_page_level_css":"","footnotes":""},"class_list":["post-49624","page","type-page","status-publish","hentry"],"wppr_data":{"cwp_meta_box_check":"No"},"uagb_featured_image_src":{"full":false,"thumbnail":false,"medium":false,"medium_large":false,"large":false},"uagb_author_info":{"display_name":"Manfred Wolf DE [VERIFIZIERT]","author_link":"https:\/\/www.badetonneholz.de\/at\/author\/admin\/"},"uagb_comment_info":0,"uagb_excerpt":"Besichtigung &amp; Miete TimberIN Ausstellungen und Mietm\u00f6glichkeiten TimberIN Produkte k\u00f6nnen an den unten aufgef\u00fchrten Orten besichtigt beziehungsweise genutzt werden. Dazu geh\u00f6ren Badezuber, ein Sauna-Bad-2in1, eine tempor\u00e4re Sauna am Seeufer in Hauterive sowie ein Standort mit Ferienwohnungen und Garten in Deutschland. Pers\u00f6nliche Empfehlung in Deutschland F\u00fcr eine pers\u00f6nliche Empfehlung und einen direkten Erfahrungsbericht steht Ihnen der&hellip;","_links":{"self":[{"href":"https:\/\/www.badetonneholz.de\/at\/wp-json\/wp\/v2\/pages\/49624","targetHints":{"allow":["GET"]}}],"collection":[{"href":"https:\/\/www.badetonneholz.de\/at\/wp-json\/wp\/v2\/pages"}],"about":[{"href":"https:\/\/www.badetonneholz.de\/at\/wp-json\/wp\/v2\/types\/page"}],"author":[{"embeddable":true,"href":"https:\/\/www.badetonneholz.de\/at\/wp-json\/wp\/v2\/users\/1"}],"replies":[{"embeddable":true,"href":"https:\/\/www.badetonneholz.de\/at\/wp-json\/wp\/v2\/comments?post=49624"}],"version-history":[{"count":0,"href":"https:\/\/www.badetonneholz.de\/at\/wp-json\/wp\/v2\/pages\/49624\/revisions"}],"wp:attachment":[{"href":"https:\/\/www.badetonneholz.de\/at\/wp-json\/wp\/v2\/media?parent=49624"}],"curies":[{"name":"wp","href":"https:\/\/api.w.org\/{rel}","templated":true}]}}

TimberIN Ausstellungen und Besichtigungsmöglichkeiten

<div class="wp-block-group ti-showroom-page ti-showroom-de">
<div class="wp-block-group__inner-container is-layout-constrained wp-block-group-is-layout-constrained">
<style>
body.page-id-49624 #primary>.inner{display:block!important}
body.page-id-49624 #content{float:none!important;width:100%!important;max-width:none!important}
body.page-id-49624 #sidebar{display:none!important}
body.page-id-49624 #post-49624{width:100%!important;max-width:none!important;margin-left:0!important;margin-right:0!important}
body.page-id-49624 #post-49624>.ti-badefass-guide{width:100%!important;max-width:none!important;padding-left:0!important;padding-right:0!important}
body.page-id-49624 .ti-showroom-page,body.page-id-49624 .ti-showroom-page *{box-sizing:border-box}
body.page-id-49624 .ti-showroom-page,body.page-id-49624 .ti-showroom-page>.wp-block-group__inner-container{width:100%!important;max-width:none!important}
.ti-showroom-de{--ti-brown:#7b4426;--ti-orange:#bf5422;--ti-ink:#251d19;--ti-muted:#665b54;--ti-line:#e6cdb5;--ti-sand:#f8f0e5;--ti-soft:#fffaf4;color:var(--ti-ink);font-size:16px;line-height:1.7}
.ti-showroom-de h1,.ti-showroom-de h2,.ti-showroom-de h3{color:var(--ti-ink);line-height:1.18}
.ti-showroom-de .ti-showroom-hero{background:linear-gradient(135deg,#fbf5ed 0%,#f5eadc 100%);border:1px solid var(--ti-line);border-radius:18px;padding:clamp(28px,5vw,54px);margin:24px 0 26px;box-shadow:0 18px 40px rgba(72,43,22,.09)}
.ti-showroom-de .ti-eyebrow{display:inline-flex;margin:0 0 14px;padding:6px 12px;border:1px solid var(--ti-line);border-radius:999px;background:#fff;color:var(--ti-brown);font-size:13px;font-weight:700;letter-spacing:.04em;text-transform:uppercase}
.ti-showroom-de .ti-showroom-hero h1{max-width:900px;margin:0 0 18px;font-size:clamp(34px,4.4vw,52px);letter-spacing:-.035em}
.ti-showroom-de .ti-showroom-hero .ti-lead{max-width:920px;margin:0;color:#4e433d;font-size:clamp(17px,1.7vw,20px);line-height:1.65}
.ti-showroom-de .ti-reference-card{display:grid;grid-template-columns:minmax(0,1fr) auto;align-items:center;gap:24px;margin:0 0 34px;padding:24px 28px;border:1px solid var(--ti-line);border-left:5px solid var(--ti-orange);border-radius:13px;background:#fff;box-shadow:0 12px 28px rgba(72,43,22,.06)}
.ti-showroom-de .ti-reference-card h2{margin:0 0 7px;font-size:25px}
.ti-showroom-de .ti-reference-card p{margin:0;color:var(--ti-muted)}
.ti-showroom-de .ti-reference-contact{padding:15px 18px;border-radius:10px;background:var(--ti-soft);text-align:right;white-space:nowrap}
.ti-showroom-de .ti-reference-contact strong{display:block;color:var(--ti-ink)}
.ti-showroom-de .ti-reference-contact a{color:var(--ti-brown);font-weight:800;text-decoration:none}
.ti-showroom-de .ti-location-card{display:grid;grid-template-columns:minmax(300px,.95fr) minmax(0,1.15fr);min-height:390px;margin:34px 0;border:1px solid var(--ti-line);border-radius:17px;background:#fff;overflow:hidden;box-shadow:0 16px 34px rgba(72,43,22,.07)}
.ti-showroom-de .ti-location-card--reverse{grid-template-columns:minmax(0,1.15fr) minmax(300px,.95fr)}
.ti-showroom-de .ti-location-card--reverse .ti-location-media{order:2}
.ti-showroom-de .ti-location-card--reverse .ti-location-copy{order:1}
.ti-showroom-de .ti-location-media{min-width:0;background:var(--ti-sand)}
.ti-showroom-de .ti-location-media a{display:block;width:100%;height:100%}
.ti-showroom-de .ti-location-media img,.ti-showroom-de .ti-location-media video{display:block;width:100%;height:100%;min-height:390px;object-fit:cover}
.ti-showroom-de .ti-location-media--contain img{object-fit:contain;padding:20px;background:linear-gradient(135deg,#f6eadc,#fffaf4)}
.ti-showroom-de .ti-location-copy{display:flex;flex-direction:column;justify-content:center;padding:clamp(26px,4vw,44px)}
.ti-showroom-de .ti-location-copy h2{margin:0 0 15px;font-size:clamp(28px,3.2vw,37px)}
.ti-showroom-de .ti-location-copy h3{margin:0 0 14px;font-size:22px;color:var(--ti-brown)}
.ti-showroom-de .ti-location-copy p{margin:0 0 15px;color:#4e443e}
.ti-showroom-de .ti-location-meta{display:grid;gap:7px;margin:8px 0 22px;padding:17px 19px;border:1px solid var(--ti-line);border-radius:10px;background:var(--ti-soft)}
.ti-showroom-de .ti-location-meta p{margin:0}
.ti-showroom-de .ti-actions{display:flex;flex-wrap:wrap;gap:12px;margin-top:8px}
.ti-showroom-de .ti-button{display:inline-flex;align-items:center;justify-content:center;min-height:46px;padding:11px 18px;border:1px solid var(--ti-brown);border-radius:8px;background:var(--ti-brown);color:#fff!important;font-weight:700;text-decoration:none!important;box-shadow:0 8px 18px rgba(87,47,25,.16);transition:transform .15s ease,background .15s ease}
.ti-showroom-de .ti-button:hover{background:#62361f;transform:translateY(-1px)}
.ti-showroom-de .ti-button--secondary{background:#fff;color:var(--ti-brown)!important;box-shadow:none}
@media(max-width:820px){.ti-showroom-de .ti-reference-card{grid-template-columns:1fr}.ti-showroom-de .ti-reference-contact{text-align:left;white-space:normal}.ti-showroom-de .ti-location-card,.ti-showroom-de .ti-location-card--reverse{grid-template-columns:1fr}.ti-showroom-de .ti-location-card--reverse .ti-location-media,.ti-showroom-de .ti-location-card--reverse .ti-location-copy{order:initial}.ti-showroom-de .ti-location-media img,.ti-showroom-de .ti-location-media video{height:auto;min-height:0;max-height:460px}}
@media(max-width:520px){.ti-showroom-de .ti-showroom-hero{padding:26px 20px;border-radius:14px}.ti-showroom-de .ti-reference-card,.ti-showroom-de .ti-location-copy{padding:23px 20px}.ti-showroom-de .ti-actions .ti-button{width:100%}.ti-showroom-de .ti-location-media--contain img{padding:12px}}
</style>
<section class="ti-showroom-hero">
<p class="ti-eyebrow">Besichtigung &amp; Miete</p>
<h1>TimberIN Ausstellungen und Mietmöglichkeiten</h1>
<p class="ti-lead">TimberIN Produkte können an den unten aufgeführten Orten besichtigt beziehungsweise genutzt werden. Dazu gehören Badezuber, ein Sauna-Bad-2in1, eine temporäre Sauna am Seeufer in Hauterive sowie ein Standort mit Ferienwohnungen und Garten in Deutschland.</p>
</section>
<section class="ti-reference-card" aria-label="Persönliche Empfehlung in Deutschland">
<div>
<h2>Persönliche Empfehlung in Deutschland</h2>
<p>Für eine persönliche Empfehlung und einen direkten Erfahrungsbericht steht Ihnen der folgende Kontakt in Büdingen zur Verfügung.</p>
</div>
<div class="ti-reference-contact"><strong>Herr Griesser · Büdingen, Deutschland</strong><a href="tel:+491707522157">+49 170 7522157</a></div>
</section>
<article class="ti-location-card">
<div class="ti-location-media ti-location-media--contain"><a href="https://www.badetonneholz.de/wp-content/uploads/2024/09/sauna-tub-2in1-mieten-timberin-2.jpg" data-rel="lightbox-image-0" data-magnific_type="image" data-rl_title="" data-rl_caption="" title=""><img decoding="async" src="https://www.badetonneholz.de/wp-content/uploads/2024/09/sauna-tub-2in1-mieten-timberin-2.jpg" alt="TimberIN Sauna und Badezuber 2in1 zur Besichtigung und Miete" width="686" height="486" title=""></a></div>
<div class="ti-location-copy">
<h2>TimberIN Badezuber und Sauna-Bad-2in1 besichtigen</h2>
<p>Der Badespaß aus Litauen von TimberIN kann vor Ort besichtigt werden. Die Begeisterung für TimberIN war der Anlass, Interessierten die Möglichkeit zu geben, zwei Badezuber persönlich anzuschauen.</p>
<p>Außerdem können die Sauna und das Bad als 2in1-Lösung gemietet werden. Weitere Informationen finden Sie auf Instagram.</p>
<div class="ti-location-meta">
<p><strong>Instagram:</strong> <a href="https://www.instagram.com/viktors_heisse_huette" target="_blank" rel="noreferrer noopener">@viktors_heisse_huette</a></p>
</div>
<div class="ti-actions"><a class="ti-button" href="https://www.instagram.com/viktors_heisse_huette" target="_blank" rel="noreferrer noopener">Informationen auf Instagram</a></div>
</p></div>
</article>
<article class="ti-location-card ti-location-card--reverse">
<div class="ti-location-media"><a href="https://www.badetonneholz.de/wp-content/uploads/2025/08/Aussensauna-Iglu-Pod.jpg" data-rel="lightbox-image-1" data-magnific_type="image" data-rl_title="" data-rl_caption="" title=""><img decoding="async" src="https://www.badetonneholz.de/wp-content/uploads/2025/08/Aussensauna-Iglu-Pod.jpg" alt="Temporäre Iglu-Pod-Außensauna am Seeufer von Hauterive in der Schweiz" width="860" height="589" loading="lazy" title=""></a></div>
<div class="ti-location-copy">
<h2>Ausstellung in der Schweiz</h2>
<h3>Temporäre Sauna am Seeufer von Hauterive</h3>
<p>Entfliehen Sie der winterlichen Kälte in der temporären Sauna am Seeufer von Hauterive.</p>
<p>Die Wohnwagen-Sauna kann für zwei ungestörte Stunden reserviert werden. Durch das große Fenster genießen Sie während der Entspannung den Ausblick auf den See. Wer Hitze und Kälte kombinieren möchte, kann zwischendurch ins Wasser springen.</p>
<div class="ti-location-meta">
<p><strong>Weitere Informationen:</strong> <a href="https://www.j3l.ch/de/P127156/erlebnisse/sport-freizeit/wellness/phenix-sauna" target="_blank" rel="noreferrer noopener">Phénix Sauna</a></p>
</div>
<div class="ti-actions"><a class="ti-button" href="https://www.j3l.ch/de/P127156/erlebnisse/sport-freizeit/wellness/phenix-sauna" target="_blank" rel="noreferrer noopener">Weitere Informationen</a></div>
</p></div>
</article>
<article class="ti-location-card">
<div class="ti-location-media"><video controls playsinline preload="metadata" aria-label="Hofsand Ferienwohnungen und Garten in Deutschland"><source src="https://www.badetonneholz.de/wp-content/uploads/2021/06/Badezuber-TimberIN.mp4" type="video/mp4">Ihr Browser unterstützt dieses Video nicht.</video></div>
<div class="ti-location-copy">
<h2>Ausstellung in Deutschland</h2>
<p>Das Haupthaus von Hofsand beherbergt drei Ferienwohnungen mit Größen zwischen 120 und 260 Quadratmetern. Jede Wohnung erstreckt sich über zwei Etagen und verfügt über einen großzügigen Wohn- und Essbereich sowie eine Südterrasse.</p>
<p>Im weitläufigen Garten befinden sich ein vielseitiger Baumbestand, ein Teich mit Enten, ein großes Trampolin und Fußballtore für die kleinen Gäste.</p>
<div class="ti-location-meta">
<p><strong>Website:</strong> <a href="https://www.hofsand.de/" target="_blank" rel="noreferrer noopener">hofsand.de</a></p>
<p><strong>Instagram:</strong> <a href="https://www.instagram.com/fewo.hofsand/" target="_blank" rel="noreferrer noopener">@fewo.hofsand</a></p>
</div>
<div class="ti-actions"><a class="ti-button" href="https://www.hofsand.de/" target="_blank" rel="noreferrer noopener">Hofsand Website</a><a class="ti-button ti-button--secondary" href="https://www.instagram.com/fewo.hofsand/" target="_blank" rel="noreferrer noopener">Hofsand auf Instagram</a></div>
</p></div>
</article>
</div>
</div>

<p>Besichtigung &amp; Miete TimberIN Ausstellungen und Mietmöglichkeiten TimberIN Produkte können an den unten aufgeführten Orten besichtigt beziehungsweise genutzt werden. Dazu gehören Badezuber, ein Sauna-Bad-2in1, eine temporäre Sauna am Seeufer in Hauterive sowie ein Standort mit Ferienwohnungen und Garten in Deutschland. Persönliche Empfehlung in Deutschland Für eine persönliche Empfehlung und einen direkten Erfahrungsbericht steht Ihnen der [&hellip;]</p>

Besichtigung &amp; Miete TimberIN Ausstellungen und Mietmöglichkeiten TimberIN Produkte können an den unten aufgeführten Orten besichtigt beziehungsweise genutzt werden. Dazu gehören Badezuber, ein Sauna-Bad-2in1, eine temporäre Sauna am Seeufer in Hauterive sowie ein Standort mit Ferienwohnungen und Garten in Deutschland. Persönliche Empfehlung in Deutschland Für eine persönliche Empfehlung und einen direkten Erfahrungsbericht steht Ihnen der&hellip;
